6) + (26 - 32) - -5
7
Evaluate -12 - -1 - -15 - -11.
15
Calculate 23 + -21 + (-9 + 4 - -15).
12
18 - (-42 - (-96 + 34))
-2
Evaluate -1 + -3 + (38 - 25 - -12) + -32.
-11
Evaluate (-14 - -23) + -22 + 7.
-6
Evaluate -3 + 2 - (-3 + 6 + 6).
-10
13 + -1 - (102 - 117) - 13
14
(9 + -7 - 42) + 22
-18
Evaluate 27 + (-2 - -1) + -602 + 590.
14
Evaluate 8 + 0 + 21 + 5 + -1 + -7.
26
Evaluate 1 - ((-2 - -2) + 8 + -6).
-1
Evaluate (21 - 10 - 29) + (7 + -3 - -4).
-10
17 + -11 - 12 - -20
14
Evaluate -1 - ((-15 - -18) + 0 + 2 + -1).
-5
29 + 2 + (20 - 30) + (-1 - 0)
20
What is (0 - -8) + 0 - (345 - 351) - 7?
7
What is (1 + 3 - 9) + 7 + -10?
-8
Calculate -1 + 2 + -40 + 25 + -10.
-24
What is the value of (16 - 1) + -9 + -15?
-9
-5 + (-1 - (-13 - (-3 + 3) - 3))
10
-3 - (-4 - 9) - 2
8
What is 22 + -15 + -11 + -2 + -1?
-7
What is the value of 3 + (-35 + 34 - (-10 + 0))?
12
(-14 + 5 - (1 + -5)) + 27
22
What is 8 + (-4 - 6) + -2 + (3 - -1)?
0
-3 - (-7 - -9 - -3) - (-10 + 10)
-8
What is -2 + (18 - -1 - (0 - (-2 - 2)))?
13
(-4 - -4 - -10) + -5 + -5
0
What is 12 - (-13 + 7 + 5 + -3)?
16
What is the value of (8 + 4 - 13) + 3 + -14?
-12
-12 - ((14 - 11) + -14) - 13
-14
-18 - (13 + -19) - -8
-4
Evaluate 1 - 2 - -28 - (60 + (38 - 98)).
27
(-10 - (0 + -11)) + (-10 - -23)
14
Evaluate 0 - 1 - (49 + -123 - -70).
3
Calculate 2 + -2 + (7 + (-9 - 5) - 9).
-16
Calculate 15 + (-33 - -14) - (-6 - (2 - 1)).
3
What is the value of -16 + (8 - 5) - (-2 - -12)?
-23
What is -16 + (-6 + -6 - -25 - -4)?
1
Calculate -6 + 7 + (6 - 6) + -3.
-2
What is the value of 29 + (-33 - (-5 - 14))?
15
2 + (0 - -2) + -2 - (27 - 26)
1
-11 + 13 + (1 - 17)
-14
Evaluate 28 + -22 + (-1 - 10) - -7.
2
Evaluate 3 + 0 - (-13 - (-7 + (-1 - -1))).
9
-4 - (-10 + 0 + (0 - 6) + 5)
7
What is -32 - (-16 - -17 - -5) - -6?
-32
Calculate 0 + 10 + (6 + -22 - -19).
13
Calculate -24 + (-12 - -55) - 44.
-25
Calculate -473 + 508 - (-2 - -28).
9
Evaluate 4 - (-5 - -13 - 5) - 14.
-13
Evaluate 36 - 28 - (-3 - (-4 + 9 - 0)).
16
What is 17 - (26 + 20 + -32)?
3
What is the value of 24 - (23 - (-1 - 17))?
-17
What is the value of -30 + -33 + (103 - 19)?
21
What is the value of -4 + (3 - 8 - -1 - 5)?
-13
Evaluate (-7 + 9 - 15) + 9 + -4.
-8
What is the value of -71 + 76 - ((-2 - -2) + 1)?
4
What is -2 - (14 + (1 - 5) - -1)?
-13
-6 - ((-11 - -27 - 6) + -10)
-6
Calculate (-25 - -51 - 25) + (1 - 4).
-2
Evaluate -4 - (12 - 10) - -16.
10
2 - (29 - (7 - -57))
37
What is (-3 - -21) + -72 + 44?
-10
What is the value of (-23 + 11 - -36) + -36?
-12
What is 15 + (9 + -61 - -5) + -3?
-35
(-17 - (15 + -13)) + 2 + (-6 - -16)
-7
Evaluate 8 - (-14 + 23 + -7).
6
Calculate -3 - (0 - (-3 + 3) - 4 - -27).
-26
What is -22 - (0 - (38 + -9))?
7
What is (38 - (-5 - -16)) + -22?
5
What is 1 - 9 - (115 - 114) - 3?
-12
What is (-1 - -1 - 1) + -9 + 7?
-3
What is the value of 3 + (-5 - -5) + (-5 - -4 - 6)?
-4
What is (37 - 0) + -519 + 479?
-3
14 - (-10 + 18) - 6 - 16
-16
Calculate 8 + -6 + 5 + -2 - (-2 + 1).
6
12 - (23 + -5 + -24)
18
Calculate 1 + 10 - (-28 + 11 + 16).
12
Evaluate 13 + (1 + 14 - 5 - -1).
24
What is the value of -10 + 3 + 22 - 0?
15
Evaluate -11 - -5 - (1 - 7) - (-5 - -5).
0
Calculate -7 + -1 + -27 + 22 + 19.
6
Evaluate -20 + (-15 - 12) + 40.
-7
Calculate 5 + 1 + 8 + -6.
8
Calculate 0 + 8 + (19 - 23) + (-1 - -25).
28
Calculate 7 - ((10 + -5 + -4 - -1) + 10).
-5
Calculate 7 + 7 + -26 + 29.
17
-8 - (9 + -11 + 1 + -9)
2
Evaluate (1 - (38 - 35)) + -1 + 2 + 2.
1
Calculate 6 - (13 + -5 - (14 + -10)).
2
Calculate (-23 - (6 - 23)) + 12 + (-1 - 2).
3
-11 + 13 + 5 - 15
-8
0 + -5 + (-2 - 0 - -8) + -5
-4
Calculate 11 - (5 - (22 - 12)) - 16.
0
-21 + 7 + 24 + -5
5
Calculate 11 - (4 - -6) - -10.
11
-8 - 1 - (-14 - (6 - 39))
-28
What is the value of (7 - (1 - 0)) + -3 + -2 + 1?
2
What is (6 - 5) + (10 - (8 + 3))?
0
What is -4 + (-4 - (0 - 2)) + 10 + 2?
6
What is (-11 - (-10 - 4)) + (-4 - 0) - 8?
-9
5 - 2 - -10 - -6 - (11 - 6)
14
Calculate 1 - (-8 + 13 - -3) - 5.
-12
-5 + -7 + 29 + -27 + (5 - 0)
-5
What is the value of 4 + 0 + -6 + 20 - (9 - 6)?
15
Calculate (5 - 1) + 1 - (22 - 28 - -11).
0
What is the value of 7 + (8 - 15) - -14?
14
Evaluate -30 + (34 - (18 + 0)).
-14
What is (0 - -20) + -15 + 4 + -17 + 25?
17
Calculate (-2 + (26 - 9) - 11) + 4 + 6.
14
What is the value of -2 - (19 - (-29 - -17))?
-33
Calculate 6 + 3 + -2 - (21 - (14 + 7)).
7
What is the value of (-8 - -1) + (-14 - 16 - (0 - 25))?
-12
What is -8 - (-25 + -1 - (12 + (18 - 26)))?
22
Evaluate (14 - 1) + (-269 - -232).
-24
What is 0 - (-2 + 1) - ((-6 - 11) + -4)?
22
What is -9 - (2 + (3 - 8 - -4) + 2)?
-12
What is the value of (-9 + -6 - -5) + 31 + -2?
19
(20 + -14 - -3 - (-1 + -1)) + 3
14
What is the value of -18 - (-5 + -9 + 4) - -11?
3
-11 + 0 + 17 + -32
-26
What is 42 + (-97 - -68) + 1 + 0 + 5?
19
Calculate 1 - 0 - (-9 - -10) - 6.
-6
Evaluate -21 - (15 + -37) - -8.
9
Evaluate 18 + ((0 - -2) + -9 - (-33 + 30)).
14
Calculate -820 + 846 - (44 - 0).
-18
What is 0 + 9 - 4 - 19 - -4?
-10
-4 + 25 + -12 + -2
7
What is the value of 0 + 7 + -2 - (3 - (1 - -4))?
7
Evaluate 55 + -38 - 19 - (-8 - (3 + -5)).
4
Calculate -6 + 6 - -34 - (-1 - 6 - -18).
23
Evaluate 8 - ((-1 - 10) + 10 + 4).
5
Evaluate -15 - (-67 - -33) - (1 - 2).
20
What is the value of -2 + -13 + 18 + 1 + -28?
-24
Evaluate (-3 - -13) + (5 - 31 - -22).
6
What is the value of 5 + (3 - (-13 + 9))?
12
3 + -5 - (-4 - 7) - (30 - 34)
13
Evaluate -19 + 1 + (-53 - -46 - 7).
-32
What is the value of -23 + (-36 - -25 - 0)?
-34
-21 + (7 - -23 - 0)
9
12 - (1 - 1) - (3 - -24)
-15
Evaluate -1 - -9 - (2 - (-13 + 17)).
10
What is 17 + 8 + (-7 - 1) + -2 - -7?
22
-10 + (-1 - (9 - 3)) + 4
-13
(72 - 47) + (-48 - -10)
-13
Evaluate (-6 - (-3 + (7 - 4) + -6)) + 2.
2
What is -2 + 9 + -2 + 0 + 3?
8
Evaluate 12 - (2 + -18 + 78 + -66).
16
What is the value of (-2 - (-7 + -3) - 6) + (2 - -1)?
5
What is 7 + -5 - 4 - -18 - 31?
-15
Calculate -18 + (32 - (25 - 32)).
21
Evaluate (11 + -8 - (2 - (7 + -4))) + -16.
-12
15 + -7 + 0 + 35 + -27
16
What is 83 + -82 + (1 - (2 - 1))?
1
0 - -16 - (7 - -5) - (1 - 5)
8
What is -1 + 3 + -16 - (-1006 + 1010)?
-18
What is (-13 - (2 - (5 + 2))) + 7 + 2?
1
-7 - -3 - (14 + -21 - -7)
-4
Calculate 22 + (13 - (-8 + 16)) + (1 - 12).
16
1 - (3 - 17) - (-5 + 0 - -8)
12
What is 1 + 20 + 69 + 57 + -136?
11
Evaluate 9 - (6 - (6 + (0 - -9))).
18
Calculate -3 + 13 - (-52 - -53).
9
Evaluate 26 + -9 - (9 + 7).
1
1 + 2 - (-1 + (18 - 5) + -5)
-4
What is the value of -9 + 4 - (7 + -14)?
2
What is (2 - 4) + -1 + -6 + (-7 - -7)?
-9
What is -3 + (-9 - -6) + -9 + 1?
-14
Calculate -5 - (134 + -130 + -1 + -2 + -4).
-2
What is the value of 0 + 9 + (5 + -26 - -19)?
7
What is the value of 13 - (-17 - (-30 - -17)) - 14?
3
Calculate (63 - -1) + 451 + -489.
26
What is 21 + (-22 - 16) + 45?
28
-14 + (10 - 11) + 10
-5
-5 + (101 - 97) + (-21 - 2)
-24
5 + (-9 - -2) + 0 - -5
3
-1 + (6 - 19 - -24)
10
What is the value of (12 - 15) + (15 + 0 - -5)?
17
-18 + (-1 - -2) + -17 + 13
-21
20 - (14 + 7 + 8)
-9
Calculate (8 - (-21 + 35)) + 9 + -2.
1
-7 + (0 + -24 - (-138 - -118))
-11
What is the value of -2 - -4 - 9 - (35 + -17 + -39)?
14
-4 - ((4 - (7 + 3)) + 4 + 1)
-3
What is 0 + -4 - (8 + -5 + -4)?
-3
-22 + -33 + 26 + 18
-11
Calculate (-2 + 0 - 5) + -11 - 4.
-22
What is the value of (-8 - -7) + (13 - (1 - -10 - 2))?
3
Calculate 5 + 2 + -1 + 6 + -5 - -4.
11
Evaluate (-5 - -6) + (-1 - 8) - -12.
4
Evaluate (50 - 22 - 10) + -28.
-10
Evaluate (-11 - -30) + -3 + -1 - 4.
11
(-38 - -30) + 3 + (-1 - -2)
-4
What is 4 - ((-8 + 9 - -7 - -13) + -2)?
-15
What is -5 + (3 - (-13 + 7))?
4
Calculate -4 - (-6 - (0 - (3 - (4 + -6)))).
-3
-10 + (-11 - ((-1 - -1) + -10))
-11
10 + -20 + 12 - -4
6
What is 1 + 9 - (-133 + 151) - 8?
-16
Evaluate 11 - (-2 - -9) - (6 - 20).
18
72 + -73 + (0 - -14) + (-13 - -3)
3
0 + 1 + -38 + 44 + 0 + -2
5
8 - (-8 - (-10 - 8 - -11))
9
Evaluate 34 + -38 + 9 + 3.
8
What is -21 + (-17 + -9 - -61)?
14
What is (22 - (6 + (-4 - -9))) + -12?
-1
Evaluate 28 + -2 + -3 + (-1540 - -1531).
14
What is the value of (-1 - -2) + -15 + -4?
-18
What is the value of -7 - (4 - 7 - (-13 + -2))?
-19
What is 13 + (-6 - -16) + 2?
25
(-23 - 0 - -1) + (22 - (28 + -8))
-20
Evaluate 34 + 16 + 25 + -69.
6
-6 + -2 + 11 + -3 + 2 + 3
5
4 + -2 + (2 - 2) + 4 + 3
9
What is the value of 3 - ((12 - -27) + -19)?
-17
Eva